ive q(3).
-8
Let i = 5 + -9. Let t be (7 + -1)/3 - i. Let y(s) = s**2 - 5*s. Calculate y(t).
6
Let i be ((-22)/(-8))/((-5)/(-20)). Let f(m) = 6 - i + m + 6. What is f(3)?
4
Let d(p) be the second derivative of -p**3/2 - 3*p**2/2 + 2*p + 26. What is d(-3)?
6
Let t be (248/12)/((-4)/(-6)). Let z = t + -19. Suppose -k + 3*d - 6 = 2, 3*k = 3*d - z. Let f(u) = -u**3 - 3*u**2 - u + 2. Give f(k).
0
Suppose 3*v = -3*s + 3, 5*v + 5 + 2 = s. Let a(x) = -4*x + s*x + 6*x + 1 + x**2. Determine a(-5).
6
Let i(x) = 3*x + 1. Let u be i(0). Let d be (-1 - (-14)/10)*5. Let k = u + d. Let r(a) = -a - 3. What is r(k)?
-6
Suppose 0 = -2*j + j + 4*p - 3, j - 2 = -p. Let y be 6*j*3/9. Let g(l) = 2*l**3 - 4*l**2 + 2*l + 1. What is g(y)?
5
Let a = -2 + -1. Let b = a - -10. Suppose b = 5*s - 8. Let l(u) = u - 4. What is l(s)?
-1
Let b(o) = 4*o + 3. Let s(u) be the third derivative of 1/3*u**3 + 2*u**2 + 0*u + 0 + 1/6*u**4. Let x(l) = -3*b(l) + 4*s(l). Determine x(2).
7
Let c(u) = -1 + 3*u - 4*u + 10*u. Calculate c(-1).
-10
Let f(l) = -28*l + 1 - 6*l**2 + 55*l - 29*l. Give f(1).
-7
Let t(j) = -23*j**2 - 20*j - 3. Let g(a) = -8*a**2 - 7*a - 1. Let o(v) = -17*g(v) + 6*t(v). Calculate o(-2).
-7
Suppose -3*p + 5*p = 4*h + 22, -4*h + 4*p = 12. Let l = -4 - h. Let i(r) = 4*r**3 - l*r**3 + 4*r - 3 - 6*r**2 + r**3. What is i(5)?
-8
Let n(t) = 3*t**2 + t + 1. Let h(l) = l**3 + 2*l**2 - 3*l - 3. Let c be h(-2). Suppose -c*o = -2*o + 1. What is n(o)?
3
Let n(r) = -4*r - 4. Let g(i) = -4*i - 20. Let y be g(-4). Determine n(y).
12
Suppose 0 = 3*f - 5*m - 46, -3*f + m + m + 31 = 0. Suppose 0 = f*h - 2*h - 15. Let o(w) = -2*w**2 + 3*w + 1. Determine o(h).
-8
Let a = 0 + 2. Let d(i) be the second derivative of 0 + 1/3*i**3 - a*i**2 - 2*i. Give d(4).
4
Suppose -10 = -2*k - 2*r, 5*r = 3*k - 0*r - 31. Let v(p) = -3*p**2 + 6 + 2*p**2 + 2*p - k*p + 2. Let o be v(-6). Let q(h) = -h + 2. Calculate q(o).
0
Let z be ((-3)/9)/(1/3 + 0). Let f(t) = -8*t**2 - 1. Calculate f(z).
-9
Let o(c) = 8*c**2 - 11*c - 10. Let x(y) = -7*y**2 + 10*y + 9. Let g(m) = -6*o(m) - 7*x(m). Suppose -1 = 2*f + 3*q + 3, q = -4. Give g(f).
-3
Let c(n) = 2 - n**2 + 0 + 4*n - n. Let s be 4/18 + 75/27. Suppose -s*j - 3 = -4*j. What is c(j)?
2
Let c = -112 - -118. Let j(l) = 3*l + 3. Determine j(c).
21
Let n(f) = -f**3 + 11*f**2 - 10*f + 4. Let z be n(10). Let s be (-77)/21 + z/6. Let v(a) = 3*a + 3. Determine v(s).
-6
Let r(l) be the first derivative of 4*l + 1 - 5/2*l**2 - 1/3*l**3. Let b = 27 + -32. Determine r(b).
4
Let t = 23 - 21. Let d(o) = -o**3 + 3*o**2 - 1. Determine d(t).
3
Let k(a) = -8*a + 14 + 2*a + 4*a - 4. Determine k(8).
-6
Let s(t) be the third derivative of 0 + 6*t**2 + 7/24*t**4 + 0*t - t**3 - 1/60*t**5. What is s(4)?
6
Let g = 1 + 0. Suppose -p - g = -6. Let r(t) = 2*t + 1. Let m(v) = -3*v - 1. Let o(d) = 5*m(d) + 7*r(d). Give o(p).
-3
Suppose -t + 0 + 1 = 0. Let q(m) = -20*m**2 - 9*m + 13. Let s(i) = -5*i**2 - 2*i + 3. Let y = 1 + -3. Let n(f) = y*q(f) + 9*s(f). Calculate n(t).
-4
Let f(s) = 2*s. Let n be 6/12 - 22/(-4). Let q(j) = -3*j + 15. Let l be q(n). What is f(l)?
-6
Let m(s) = -4*s**2 - 5*s - 8. Let n(c) = -c**2 - 1. Let r(l) = m(l) - 3*n(l). Let f(y) = -14*y**2 + y + 1. Let w be f(-1). Let t = 10 + w. Determine r(t).
-1
Let g(d) = -d**2 - 1 - d + 5*d - 7*d**3 - 2*d. Suppose -2*b + b = -2. Let j = b - 1. Calculate g(j).
-7
Let p(q) = q**3 + q**2 + q - 5. Let b(n) = -7*n + 3*n**2 - 2 - 4 - n - 2*n**2. Let o be b(9). Suppose 2*h - 8 = o*h - 2*s, -5*h = -s + 4. What is p(h)?
-5
Let s = 32 + -12. Let h = -13 + s. Let c(f) = f**3 + 5 + 2*f**2 + 2*f - 6*f**2 - h*f. Calculate c(5).
5
Let v(l) be the second derivative of l**5/60 - l**4/8 - 2*l**3/3 - l**2 - 3*l. Let s(z) be the first derivative of v(z). Give s(4).
0
Let b be (-20)/(-3) + (-18)/27. Let p(o) = 2*o - 9. Let l(x) = x - 4. Let j(z) = -5*l(z) + 2*p(z). What is j(b)?
-4
Let k be (2/(-2))/((-8)/(-24)). Let q(r) = r**3 + 4*r**2 + r + 4. Determine q(k).
10
Let q be (-15)/(-4) - (-5)/20. Let l(d) = -q*d + 9*d - d. Give l(-3).
-12
Let i(l) = -3*l**3 + 7*l**2 + 11*l. Let r(y) = 2*y**3 - 7*y**2 - 10*y - 1. Let z(p) = 3*i(p) + 4*r(p). What is z(-6)?
2
Let w(c) be the second derivative of c**5/20 - 7*c**4/12 - c**3/6 + 7*c**2/2 + c. Let g be -2*5/(80/14)*-4. Give w(g).
0
Let i(h) = -h - 1. Suppose -5*c = -63 + 33. Give i(c).
-7
Let w(c) = 0*c**2 - c - c**2 + 3*c - 3. Let g be w(2). Let l(p) = -p**2 + 3. What is l(g)?
-6
Let t(w) be the third derivative of w**5/30 - w**4/12 - w**3/6 - 8*w**2. What is t(-2)?
11
Let z(h) be the second derivative of -2*h**3/3 + 2*h**2 + 20*h. Determine z(3).
-8
Let r(i) = 4 + 0*i + 0*i + 3*i. Suppose 0 = -4*m + 5 + 7. Suppose 3*c - m = -15. What is r(c)?
-8
Suppose 3*z + 0 - 15 = j, 26 = -4*j - 5*z. Let w be -1*(0 + j/3). Suppose 0 = n - 4, -w*o + n - 4 = 0. Let p(i) = i**3 - i**2 - 8. Give p(o).
-8
Let t(r) be the first derivative of -r**6/120 - r**5/12 - r**4/6 + 2*r**2 + 1. Let j(w) be the second derivative of t(w). Calculate j(-4).
0
Let v be 2/(-4) + 27/(-6). Let r(t) = -1 - 2 + 0 - t. Give r(v).
2
Let n = 2 + -5. Let q(z) be the first derivative of z**6/120 + z**5/30 + z**3/2 + 13*z**2/2 + 11. Let x(h) be the second derivative of q(h). Give x(n).
-6
Let y(k) = -3*k - 1. Let s(d) = 2*d. Let j(p) = 5*s(p) + 3*y(p). Let u(v) = v**2 + 3*v. Let z be u(-4). Suppose 2*a - 5*t = -23, z*a = 3*t - 20 - 5. Give j(a).
-7
Let w(j) = -j**3 + 3*j**2 + 5*j - 6. Let q be 12/10*30/9. What is w(q)?
-2
Let w = -3 - -5. Suppose -w*s = 3*s + 25. Let u(l) be the second derivative of l**5/20 + l**4/3 - l**3/2 + l**2 - 11*l. Give u(s).
-8
Let x(w) = -2*w**2 - 8*w - 12. Let h(d) = d**2 + 4*d + 6. Let o(p) = 5*h(p) + 2*x(p). Let v(t) = t**3 + 4*t**2 - 3*t + 6. Let a be v(-5). Give o(a).
6
Let n(z) = -z**3 + 5*z**2 - 4*z + 5. Suppose -4*t - 2*u + 22 = -4, 5*t - u - 15 = 0. Calculate n(t).
5
Let c(z) = z - 6*z**3 + 2*z**2 - 5*z**2 - 8 + 2*z**2. Let d(r) = r**3 - r + 1. Let p(m) = c(m) + 5*d(m). Let a = -1 - 1. Determine p(a).
9
Let k(d) = -2*d**2 - 49 + 3*d + d**2 + 52. Let u = -1 - -6. Calculate k(u).
-7
Let j(h) be the third derivative of h**4/24 - h**3 - h**2 + 3. Give j(6).
0
Let q = 27 + -30. Let o(p) = -p**3 - 2*p**2 - 1. Calculate o(q).
8
Let m(q) be the first derivative of q**3/6 + 5*q**2/2 + q + 2. Let w(k) be the first derivative of m(k). Determine w(-6).
-1
Let n(p) be the first derivative of -4*p**3 - p**2/2 - 3. What is n(-1)?
-11
Let h = -16 - -15. Let d(g) = 4*g**3 + g**2. Calculate d(h).
-3
Let i be 0 + -3*(4 + -3). Let f = 2 + i. Let k(b) = 3*b**2 - b - 1. Give k(f).
3
Let k(z) = 323 - 323 + z**2 - 4*z. Determine k(6).
12
Suppose -6*c + 134 = -c + 2*t, c = -5*t + 36. Let y(h) = -c*h + 27*h + 5 - 3. Determine y(-5).
-3
Let p(j) = -j**2 - 3 - 2*j**2 + 4 - j**2. Determine p(-2).
-15
Let u(w) = w**2 - 3*w + 2. Let c = -195 - -197. What is u(c)?
0
Let s = 149 + -152. Let d = 12 - 18. Let w(u) = 2*u**3 + 8*u**2 + 2*u - 19. Let h(z) = z**3 + 4*z**2 + z - 9. Let g(f) = d*w(f) + 13*h(f). Calculate g(s).
3
Let t(g) = g**2 - 9*g + 4. Let n be t(10). Suppose -5*l = -n + 4. Let u = -5 + l. Let j(x) = 2*x**2 + 4*x - 1. Calculate j(u).
5
Let y(l) = -l**2 - 7*l - 6. Let m be ((-16)/6)/((-8)/12). Suppose 215 = m*g + i, 4*i + 220 = 3*g + g. Let q be (-4)/(-10) - g/10. What is y(q)?
4
Let x(r) = 20*r**3 + 35*r**2 + 32*r - 35. Let k(i) = -7*i**3 - 12*i**2 - 11*i + 12. Let a(q) = 17*k(q) + 6*x(q). Determine a(-5).
-6
Let h(b) = b**2 + 6*b + 5. Let a(p) = p**2 - 11*p + 21. Let x be a(7). Determine h(x).
12
Let p(w) be the second derivative of -w**3/3 - w. Suppose -t + 15 = -3*x, 4*t + 9 = 5*x + 34. Suppose -2*h - 2 = -y + 2, -4*h - 3*y - 18 = t. Give p(h).
6
Let z be (-6)/(-14) + (-44)/(-77). Let d(h) = -10*h. Calculate d(z).
-10
Let p = 4 + -4. Let h = 1 + p. Let b(c) = -4*c**2 + c - 3*c**2 + 5*c**2 - 1. Give b(h).
-2
Let d(a) be the third derivative of -1/12*a**5 + 0 + 1/6*a**3 + 1/6*a**4 + 1/120*a**6 + 0*a + 2*a**2. Suppose -11 = -4*p + 5. What is d(p)?
1
Let x(g) = -g**3 + g**2 - g + 10. Let m(q) = -6*q - 2. Let f be m(2). Let h be 4/(-10) + f/(-35). Suppose h = 4*r - 6*r. Calculate x(r).
10
Let o(g) = -g - 2. Let p(s) = 12*s + 22. Let t(q) = 22*o(q) + 2*p(q). Calculate t(6).
12
Let o(y) = -2*y**2 + 1. Let l(m) be the first derivative of m**